{"id":10539,"date":"2025-07-31T16:44:50","date_gmt":"2025-07-31T19:44:50","guid":{"rendered":"https:\/\/fontedearte.com\/pdf\/?page_id=10539"},"modified":"2025-08-01T07:33:44","modified_gmt":"2025-08-01T10:33:44","slug":"canetinhas","status":"publish","type":"page","link":"https:\/\/fontedearte.com\/pdf\/canetinhas\/","title":{"rendered":"Canetinhas ponta dupla para colorir &#8211; Canetas marcador"},"content":{"rendered":"<div class=\"ba8a4e603da7c2ca14e6b9b7068a8da2\" data-index=\"1\" style=\"float: none; margin:10px 0 10px 0; text-align:center;\">\n<p style=\"text-align: center;\"><a href=\"https:\/\/fontedearte.com\/loja\/\" target=\"_blank\"><img decoding=\"async\" alt=\"\" src=\"https:\/\/fontedearte.com\/pdf\/wp-content\/uploads\/2025\/08\/banner1-10mil-desenhos-1.jpg\" style=\"width: 360px; height: 360px;\" title=\"Eu quero!\" \/><\/a><\/p>\r\n<br\/>\r\n<script async src=\"https:\/\/pagead2.googlesyndication.com\/pagead\/js\/adsbygoogle.js?client=ca-pub-1087388645764724\"\r\n     crossorigin=\"anonymous\"><\/script>\r\n<!-- PDFs Colorir P\u00e1ginas de Posts -->\r\n<ins class=\"adsbygoogle\"\r\n     style=\"display:block\"\r\n     data-ad-client=\"ca-pub-1087388645764724\"\r\n     data-ad-slot=\"1339299452\"\r\n     data-ad-format=\"auto\"\r\n     data-full-width-responsive=\"true\"><\/ins>\r\n<script>\r\n     (adsbygoogle = window.adsbygoogle || []).push({});\r\n<\/script>\n<\/div>\n\t\t<div data-elementor-type=\"wp-page\" data-elementor-id=\"10539\" class=\"elementor elementor-10539\">\n\t\t\t\t<div class=\"elementor-element elementor-element-a13bf77 e-flex e-con-boxed e-con e-parent\" data-id=\"a13bf77\" data-element_type=\"container\" data-e-type=\"container\">\n\t\t\t\t\t<div class=\"e-con-inner\">\n\t\t\t\t<div class=\"elementor-element elementor-element-719bcc5 elementor-widget elementor-widget-text-editor\" data-id=\"719bcc5\" data-element_type=\"widget\" data-e-type=\"widget\" data-widget_type=\"text-editor.default\">\n\t\t\t\t<div class=\"elementor-widget-container\">\n\t\t\t\t\t\t\t\t\t<p>Separamos para voc\u00ea as <strong>melhores canetinhas ponta dupla para colorir<\/strong>. J\u00e1 s\u00e3o mais de 40 mil clientes satisfeitos. <strong>Envio Full com frete gr\u00e1tis pelo Mercado Livre!<\/strong><\/p><p>As canetinhas ponta dupla para colorir s\u00e3o perfeitas para quem busca versatilidade, precis\u00e3o e cores vibrantes em seus desenhos. Com uma ponta fina para detalhes e uma ponta pincel para preenchimentos suaves, elas s\u00e3o ideais para artistas, estudantes e amantes de ilustra\u00e7\u00f5es.<\/p>\t\t\t\t\t\t\t\t<\/div>\n\t\t\t\t<\/div>\n\t\t\t\t<div class=\"elementor-element elementor-element-3324d38 elementor-widget elementor-widget-image\" data-id=\"3324d38\" data-element_type=\"widget\" data-e-type=\"widget\" data-widget_type=\"image.default\">\n\t\t\t\t<div class=\"elementor-widget-container\">\n\t\t\t\t\t\t\t\t\t\t\t\t\t\t\t\t<a href=\"https:\/\/mercadolivre.com\/sec\/2hWrKnV\" target=\"_blank\" rel=\"noopener\">\n\t\t\t\t\t\t\t<img fetchpriority=\"high\" decoding=\"async\" width=\"860\" height=\"727\" src=\"https:\/\/fontedearte.com\/pdf\/wp-content\/uploads\/2025\/08\/Canetinhas-ponta-dupla-para-colorir-1024x866.jpg\" class=\"attachment-large size-large wp-image-11071\" alt=\"Canetinhas Ponta Dupla Para Colorir Mercado Livre\" srcset=\"https:\/\/fontedearte.com\/pdf\/wp-content\/uploads\/2025\/08\/Canetinhas-ponta-dupla-para-colorir-1024x866.jpg 1024w, https:\/\/fontedearte.com\/pdf\/wp-content\/uploads\/2025\/08\/Canetinhas-ponta-dupla-para-colorir-300x254.jpg 300w, https:\/\/fontedearte.com\/pdf\/wp-content\/uploads\/2025\/08\/Canetinhas-ponta-dupla-para-colorir-768x649.jpg 768w, https:\/\/fontedearte.com\/pdf\/wp-content\/uploads\/2025\/08\/Canetinhas-ponta-dupla-para-colorir-450x380.jpg 450w, https:\/\/fontedearte.com\/pdf\/wp-content\/uploads\/2025\/08\/Canetinhas-ponta-dupla-para-colorir-700x592.jpg 700w, https:\/\/fontedearte.com\/pdf\/wp-content\/uploads\/2025\/08\/Canetinhas-ponta-dupla-para-colorir.jpg 1183w\" sizes=\"(max-width: 860px) 100vw, 860px\" \/>\t\t\t\t\t\t\t\t<\/a>\n\t\t\t\t\t\t\t\t\t\t\t\t\t\t\t<\/div>\n\t\t\t\t<\/div>\n\t\t\t\t<div class=\"elementor-element elementor-element-e0b28b3 elementor-widget elementor-widget-text-editor\" data-id=\"e0b28b3\" data-element_type=\"widget\" data-e-type=\"widget\" data-widget_type=\"text-editor.default\">\n\t\t\t\t<div class=\"elementor-widget-container\">\n\t\t\t\t\t\t\t\t\t<p>As famosas <strong>canetinhas ponta dupla Touch<\/strong> s\u00e3o reconhecidas por sua qualidade profissional, enquanto as <strong>canetinhas ponta dupla Bobbie Goods<\/strong> encantam pelo estilo retr\u00f4 e tons pastel. Tamb\u00e9m \u00e9 poss\u00edvel encontrar \u00f3timas op\u00e7\u00f5es de <strong>canetinhas ponta dupla Faber Castell<\/strong>, marca tradicional que une durabilidade e excelente pigmenta\u00e7\u00e3o.<\/p><p>No Mercado Livre, voc\u00ea encontra uma grande variedade de <strong>canetinhas ponta dupla<\/strong> com pre\u00e7os acess\u00edveis e entrega r\u00e1pida. Al\u00e9m de funcionais, essas <strong>canetas marcador<\/strong> s\u00e3o ideais para colorir mandalas, lettering, planners e muito mais.<\/p><p>Escolha suas favoritas e leve mais cor para seus projetos criativos com praticidade e estilo!<\/p>\t\t\t\t\t\t\t\t<\/div>\n\t\t\t\t<\/div>\n\t\t\t\t<div class=\"elementor-element elementor-element-9001ef2 elementor-widget elementor-widget-heading\" data-id=\"9001ef2\" data-element_type=\"widget\" data-e-type=\"widget\" data-widget_type=\"heading.default\">\n\t\t\t\t<div class=\"elementor-widget-container\">\n\t\t\t\t\t<h2 class=\"elementor-heading-title elementor-size-default\">Canetinhas ponta dupla para colorir Mercado Livre<\/h2>\t\t\t\t<\/div>\n\t\t\t\t<\/div>\n\t\t<div class=\"elementor-element elementor-element-9c48d82 e-grid e-con-full e-con e-child\" data-id=\"9c48d82\" data-element_type=\"container\" data-e-type=\"container\">\n\t\t\t\t<div class=\"elementor-element elementor-element-188c378 elementor-widget elementor-widget-image\" data-id=\"188c378\" data-element_type=\"widget\" data-e-type=\"widget\" data-widget_type=\"image.default\">\n\t\t\t\t<div class=\"elementor-widget-container\">\n\t\t\t\t\t\t\t\t\t\t\t\t\t\t\t<img decoding=\"async\" width=\"860\" height=\"860\" src=\"https:\/\/fontedearte.com\/pdf\/wp-content\/uploads\/2025\/08\/Canetinhas-marcador-para-colorir.jpg\" class=\"attachment-large size-large wp-image-11072\" alt=\"Canetinhas Ponta Dupla Touch Para Colorir Mercado Livre\" srcset=\"https:\/\/fontedearte.com\/pdf\/wp-content\/uploads\/2025\/08\/Canetinhas-marcador-para-colorir.jpg 1000w, https:\/\/fontedearte.com\/pdf\/wp-content\/uploads\/2025\/08\/Canetinhas-marcador-para-colorir-300x300.jpg 300w, https:\/\/fontedearte.com\/pdf\/wp-content\/uploads\/2025\/08\/Canetinhas-marcador-para-colorir-150x150.jpg 150w, https:\/\/fontedearte.com\/pdf\/wp-content\/uploads\/2025\/08\/Canetinhas-marcador-para-colorir-768x768.jpg 768w, https:\/\/fontedearte.com\/pdf\/wp-content\/uploads\/2025\/08\/Canetinhas-marcador-para-colorir-450x450.jpg 450w, https:\/\/fontedearte.com\/pdf\/wp-content\/uploads\/2025\/08\/Canetinhas-marcador-para-colorir-700x700.jpg 700w, https:\/\/fontedearte.com\/pdf\/wp-content\/uploads\/2025\/08\/Canetinhas-marcador-para-colorir-120x120.jpg 120w\" sizes=\"(max-width: 860px) 100vw, 860px\" \/>\t\t\t\t\t\t\t\t\t\t\t\t\t\t\t<\/div>\n\t\t\t\t<\/div>\n\t\t\t\t<div class=\"elementor-element elementor-element-9d91ef1 elementor-widget elementor-widget-image\" data-id=\"9d91ef1\" data-element_type=\"widget\" data-e-type=\"widget\" data-widget_type=\"image.default\">\n\t\t\t\t<div class=\"elementor-widget-container\">\n\t\t\t\t\t\t\t\t\t\t\t\t\t\t\t<img decoding=\"async\" width=\"860\" height=\"926\" src=\"https:\/\/fontedearte.com\/pdf\/wp-content\/uploads\/2025\/08\/canetinhas-ponta-dupla-Touch.jpg\" class=\"attachment-large size-large wp-image-11074\" alt=\"Canetinhas Ponta Dupla Para Colorir Mercado Livre\" srcset=\"https:\/\/fontedearte.com\/pdf\/wp-content\/uploads\/2025\/08\/canetinhas-ponta-dupla-Touch.jpg 929w, https:\/\/fontedearte.com\/pdf\/wp-content\/uploads\/2025\/08\/canetinhas-ponta-dupla-Touch-279x300.jpg 279w, https:\/\/fontedearte.com\/pdf\/wp-content\/uploads\/2025\/08\/canetinhas-ponta-dupla-Touch-768x827.jpg 768w, https:\/\/fontedearte.com\/pdf\/wp-content\/uploads\/2025\/08\/canetinhas-ponta-dupla-Touch-450x484.jpg 450w, https:\/\/fontedearte.com\/pdf\/wp-content\/uploads\/2025\/08\/canetinhas-ponta-dupla-Touch-700x753.jpg 700w\" sizes=\"(max-width: 860px) 100vw, 860px\" \/>\t\t\t\t\t\t\t\t\t\t\t\t\t\t\t<\/div>\n\t\t\t\t<\/div>\n\t\t\t\t<div class=\"elementor-element elementor-element-51171ad elementor-widget elementor-widget-image\" data-id=\"51171ad\" data-element_type=\"widget\" data-e-type=\"widget\" data-widget_type=\"image.default\">\n\t\t\t\t<div class=\"elementor-widget-container\">\n\t\t\t\t\t\t\t\t\t\t\t\t\t\t\t<img loading=\"lazy\" decoding=\"async\" width=\"860\" height=\"860\" src=\"https:\/\/fontedearte.com\/pdf\/wp-content\/uploads\/2025\/08\/Canetinhas-ponta-dupla-para-colorir-mercado-Livre.jpg\" class=\"attachment-large size-large wp-image-11073\" alt=\"Canetinhas Marcador Ponta Dupla Para Colorir Mercado Livre\" srcset=\"https:\/\/fontedearte.com\/pdf\/wp-content\/uploads\/2025\/08\/Canetinhas-ponta-dupla-para-colorir-mercado-Livre.jpg 1000w, https:\/\/fontedearte.com\/pdf\/wp-content\/uploads\/2025\/08\/Canetinhas-ponta-dupla-para-colorir-mercado-Livre-300x300.jpg 300w, https:\/\/fontedearte.com\/pdf\/wp-content\/uploads\/2025\/08\/Canetinhas-ponta-dupla-para-colorir-mercado-Livre-150x150.jpg 150w, https:\/\/fontedearte.com\/pdf\/wp-content\/uploads\/2025\/08\/Canetinhas-ponta-dupla-para-colorir-mercado-Livre-768x768.jpg 768w, https:\/\/fontedearte.com\/pdf\/wp-content\/uploads\/2025\/08\/Canetinhas-ponta-dupla-para-colorir-mercado-Livre-450x450.jpg 450w, https:\/\/fontedearte.com\/pdf\/wp-content\/uploads\/2025\/08\/Canetinhas-ponta-dupla-para-colorir-mercado-Livre-700x700.jpg 700w, https:\/\/fontedearte.com\/pdf\/wp-content\/uploads\/2025\/08\/Canetinhas-ponta-dupla-para-colorir-mercado-Livre-120x120.jpg 120w\" sizes=\"(max-width: 860px) 100vw, 860px\" \/>\t\t\t\t\t\t\t\t\t\t\t\t\t\t\t<\/div>\n\t\t\t\t<\/div>\n\t\t\t\t<\/div>\n\t\t\t\t<div class=\"elementor-element elementor-element-babd381 elementor-widget elementor-widget-text-editor\" data-id=\"babd381\" data-element_type=\"widget\" data-e-type=\"widget\" data-widget_type=\"text-editor.default\">\n\t\t\t\t<div class=\"elementor-widget-container\">\n\t\t\t\t\t\t\t\t\t<p><strong>Links de parceiro:<\/strong> escolha suas favoritas e leve mais cor para seus projetos criativos com praticidade e estilo!<\/p><p><strong>Clique nos links abaixo<\/strong> para mais detalhes e finalizar sua <strong>compra no Mercado Livre<\/strong>.<\/p>\t\t\t\t\t\t\t\t<\/div>\n\t\t\t\t<\/div>\n\t\t\t\t<div class=\"elementor-element elementor-element-30fb0a6 elementor-widget rivax-creative-link-widget\" data-id=\"30fb0a6\" data-element_type=\"widget\" data-e-type=\"widget\" data-widget_type=\"rivax-creative-link.default\">\n\t\t\t\t<div class=\"elementor-widget-container\">\n\t\t\t\t\t<div class=\"rivax-creative-link\">\r\n    <a href=\"https:\/\/mercadolivre.com\/sec\/1W2cnGW\" target=\"_blank\" class=\"rivax-link--julia\" data-text=\"Canetinhas ponta dupla 24 cores\" rel=\"noopener\">\r\n        <span>Canetinhas ponta dupla 24 cores<\/span>\r\n    <\/a>\r\n<\/div>\r\n\r\n\t\t\t\t<\/div>\n\t\t\t\t<\/div>\n\t\t\t\t<div class=\"elementor-element elementor-element-52207d1 elementor-widget rivax-creative-link-widget\" data-id=\"52207d1\" data-element_type=\"widget\" data-e-type=\"widget\" data-widget_type=\"rivax-creative-link.default\">\n\t\t\t\t<div class=\"elementor-widget-container\">\n\t\t\t\t\t<div class=\"rivax-creative-link\">\r\n    <a href=\"https:\/\/mercadolivre.com\/sec\/2YRjjGc\" target=\"_blank\" class=\"rivax-link--julia\" data-text=\"Canetinhas ponta dupla 36 cores\" rel=\"noopener\">\r\n        <span>Canetinhas ponta dupla 36 cores<\/span>\r\n    <\/a>\r\n<\/div>\r\n\r\n\t\t\t\t<\/div>\n\t\t\t\t<\/div>\n\t\t\t\t<div class=\"elementor-element elementor-element-14bb999 elementor-widget rivax-creative-link-widget\" data-id=\"14bb999\" data-element_type=\"widget\" data-e-type=\"widget\" data-widget_type=\"rivax-creative-link.default\">\n\t\t\t\t<div class=\"elementor-widget-container\">\n\t\t\t\t\t<div class=\"rivax-creative-link\">\r\n    <a href=\"https:\/\/mercadolivre.com\/sec\/1DCgQnT\" target=\"_blank\" class=\"rivax-link--julia\" data-text=\"Canetinhas ponta dupla 48 cores\" rel=\"noopener\">\r\n        <span>Canetinhas ponta dupla 48 cores<\/span>\r\n    <\/a>\r\n<\/div>\r\n\r\n\t\t\t\t<\/div>\n\t\t\t\t<\/div>\n\t\t\t\t<div class=\"elementor-element elementor-element-922feb6 elementor-widget rivax-creative-link-widget\" data-id=\"922feb6\" data-element_type=\"widget\" data-e-type=\"widget\" data-widget_type=\"rivax-creative-link.default\">\n\t\t\t\t<div class=\"elementor-widget-container\">\n\t\t\t\t\t<div class=\"rivax-creative-link\">\r\n    <a href=\"https:\/\/mercadolivre.com\/sec\/2P3msXr\" target=\"_blank\" class=\"rivax-link--julia\" data-text=\"Canetinhas ponta dupla 60 cores\" rel=\"noopener\">\r\n        <span>Canetinhas ponta dupla 60 cores<\/span>\r\n    <\/a>\r\n<\/div>\r\n\r\n\t\t\t\t<\/div>\n\t\t\t\t<\/div>\n\t\t\t\t<div class=\"elementor-element elementor-element-1c7ffd4 elementor-widget rivax-creative-link-widget\" data-id=\"1c7ffd4\" data-element_type=\"widget\" data-e-type=\"widget\" data-widget_type=\"rivax-creative-link.default\">\n\t\t\t\t<div class=\"elementor-widget-container\">\n\t\t\t\t\t<div class=\"rivax-creative-link\">\r\n    <a href=\"https:\/\/mercadolivre.com\/sec\/2ocsJch\" target=\"_blank\" class=\"rivax-link--julia\" data-text=\"Canetinhas ponta dupla 80 cores\" rel=\"noopener\">\r\n        <span>Canetinhas ponta dupla 80 cores<\/span>\r\n    <\/a>\r\n<\/div>\r\n\r\n\t\t\t\t<\/div>\n\t\t\t\t<\/div>\n\t\t\t\t<div class=\"elementor-element elementor-element-0389cd5 elementor-widget rivax-creative-link-widget\" data-id=\"0389cd5\" data-element_type=\"widget\" data-e-type=\"widget\" data-widget_type=\"rivax-creative-link.default\">\n\t\t\t\t<div class=\"elementor-widget-container\">\n\t\t\t\t\t<div class=\"rivax-creative-link\">\r\n    <a href=\"https:\/\/mercadolivre.com\/sec\/2LgkTwo\" target=\"_blank\" class=\"rivax-link--julia\" data-text=\"Canetinhas ponta dupla 120 cores\" rel=\"noopener\">\r\n        <span>Canetinhas ponta dupla 120 cores<\/span>\r\n    <\/a>\r\n<\/div>\r\n\r\n\t\t\t\t<\/div>\n\t\t\t\t<\/div>\n\t\t\t\t<div class=\"elementor-element elementor-element-13db3de elementor-widget rivax-creative-link-widget\" data-id=\"13db3de\" data-element_type=\"widget\" data-e-type=\"widget\" data-widget_type=\"rivax-creative-link.default\">\n\t\t\t\t<div class=\"elementor-widget-container\">\n\t\t\t\t\t<div class=\"rivax-creative-link\">\r\n    <a href=\"https:\/\/mercadolivre.com\/sec\/1dfH47p\" target=\"_blank\" class=\"rivax-link--julia\" data-text=\"Canetinhas ponta dupla 168 cores\" rel=\"noopener\">\r\n        <span>Canetinhas ponta dupla 168 cores<\/span>\r\n    <\/a>\r\n<\/div>\r\n\r\n\t\t\t\t<\/div>\n\t\t\t\t<\/div>\n\t\t\t\t<div class=\"elementor-element elementor-element-e82ad54 elementor-widget rivax-creative-link-widget\" data-id=\"e82ad54\" data-element_type=\"widget\" data-e-type=\"widget\" data-widget_type=\"rivax-creative-link.default\">\n\t\t\t\t<div class=\"elementor-widget-container\">\n\t\t\t\t\t<div class=\"rivax-creative-link\">\r\n    <a href=\"https:\/\/mercadolivre.com\/sec\/2hWrKnV\" target=\"_blank\" class=\"rivax-link--julia\" data-text=\"Conferir mais produtos. Clique aqui!\" rel=\"noopener\">\r\n        <span>Conferir mais produtos. Clique aqui!<\/span>\r\n    <\/a>\r\n<\/div>\r\n\r\n\t\t\t\t<\/div>\n\t\t\t\t<\/div>\n\t\t\t\t\t<\/div>\n\t\t\t\t<\/div>\n\t\t\t\t<\/div>\n\t\t\n<div style=\"font-size: 0px; height: 0px; line-height: 0px; margin: 0; padding: 0; clear: both;\"><\/div>","protected":false},"excerpt":{"rendered":"<p>Separamos para voc\u00ea as melhores canetinhas ponta dupla para colorir. J\u00e1 s\u00e3o mais de 40 mil clientes satisfeitos. Envio Full com frete gr\u00e1tis pelo Mercado Livre! As canetinhas ponta dupla para colorir s\u00e3o perfeitas para quem busca versatilidade, precis\u00e3o e cores vibrantes em seus desenhos. Com uma ponta fina para detalhes e uma ponta pincel [&hellip;]<\/p>\n","protected":false},"author":1,"featured_media":0,"parent":0,"menu_order":0,"comment_status":"closed","ping_status":"closed","template":"","meta":{"cybocfi_hide_featured_image":"","footnotes":""},"class_list":["post-10539","page","type-page","status-publish","hentry"],"_links":{"self":[{"href":"https:\/\/fontedearte.com\/pdf\/wp-json\/wp\/v2\/pages\/10539","targetHints":{"allow":["GET"]}}],"collection":[{"href":"https:\/\/fontedearte.com\/pdf\/wp-json\/wp\/v2\/pages"}],"about":[{"href":"https:\/\/fontedearte.com\/pdf\/wp-json\/wp\/v2\/types\/page"}],"author":[{"embeddable":true,"href":"https:\/\/fontedearte.com\/pdf\/wp-json\/wp\/v2\/users\/1"}],"replies":[{"embeddable":true,"href":"https:\/\/fontedearte.com\/pdf\/wp-json\/wp\/v2\/comments?post=10539"}],"version-history":[{"count":62,"href":"https:\/\/fontedearte.com\/pdf\/wp-json\/wp\/v2\/pages\/10539\/revisions"}],"predecessor-version":[{"id":11092,"href":"https:\/\/fontedearte.com\/pdf\/wp-json\/wp\/v2\/pages\/10539\/revisions\/11092"}],"wp:attachment":[{"href":"https:\/\/fontedearte.com\/pdf\/wp-json\/wp\/v2\/media?parent=10539"}],"curies":[{"name":"wp","href":"https:\/\/api.w.org\/{rel}","templated":true}]}}