{"id":3182,"date":"2021-04-01T05:30:43","date_gmt":"2021-04-01T05:30:43","guid":{"rendered":"https:\/\/preview.tutorlms.com\/?page_id=3182"},"modified":"2025-08-26T21:08:30","modified_gmt":"2025-08-27T00:08:30","slug":"quem-somos","status":"publish","type":"page","link":"https:\/\/fontedearte.com\/ead\/quem-somos\/","title":{"rendered":"Quem Somos &#8211; Fonte De Arte Cursos Online"},"content":{"rendered":"\t\t<div data-elementor-type=\"wp-page\" data-elementor-id=\"3182\" class=\"elementor elementor-3182\">\n\t\t\t\t<div class=\"elementor-element elementor-element-aa4f679 e-flex e-con-boxed e-con e-parent\" data-id=\"aa4f679\" data-element_type=\"container\" data-e-type=\"container\">\n\t\t\t\t\t<div class=\"e-con-inner\">\n\t\t\t\t<div class=\"elementor-element elementor-element-295db93 elementor-widget elementor-widget-text-editor\" data-id=\"295db93\" data-element_type=\"widget\" data-e-type=\"widget\" data-widget_type=\"text-editor.default\">\n\t\t\t\t\t\t\t\t\t<h2>Quem Somos<\/h2><p>A <a href=\"https:\/\/fontedearte.com\/ead\/\" target=\"_blank\" rel=\"noopener\"><strong>Fonte de Arte<\/strong><\/a> nasceu do desejo de transformar a criatividade em um caminho acess\u00edvel para todos. Acreditamos que a arte n\u00e3o \u00e9 apenas t\u00e9cnica &#8211; ela \u00e9 express\u00e3o, liberdade e terapia.<\/p><p>Nossa miss\u00e3o \u00e9 levar conhecimento art\u00edstico de forma simples, acolhedora e inspiradora, ajudando pessoas de todas as idades a despertar sua sensibilidade e confian\u00e7a no ato de criar.<\/p><p>Com mais de 20 anos de experi\u00eancia em desenho e pintura, nosso fundador <strong>Ricardo Alves<\/strong> reuniu sua trajet\u00f3ria como artista e professor para construir um espa\u00e7o \u00fanico de aprendizado. Aqui, voc\u00ea encontra cursos online desenvolvidos para iniciantes, entusiastas e amantes da arte que querem evoluir em suas t\u00e9cnicas e, ao mesmo tempo, redescobrir o prazer de criar com as pr\u00f3prias m\u00e3os.<\/p><p>A Fonte de Arte \u00e9 mais do que uma plataforma de cursos online: \u00e9 uma comunidade que acredita no poder transformador da arte. Queremos que cada aluno(a) se sinta parte de um movimento criativo, capaz de expressar suas emo\u00e7\u00f5es, desenvolver novas habilidades e, acima de tudo, encontrar na arte um ref\u00fagio de bem-estar e realiza\u00e7\u00e3o pessoal.<\/p><p>Seja bem-vindo(a) \u00e0 nossa fonte inesgot\u00e1vel de inspira\u00e7\u00e3o. Aqui, a arte flui &#8211; e voc\u00ea \u00e9 parte dela.<\/p>\t\t\t\t\t\t\t\t<\/div>\n\t\t\t\t\t<\/div>\n\t\t\t\t<\/div>\n\t\t\t\t<\/div>\n\t\t","protected":false},"excerpt":{"rendered":"<p>Quem Somos A Fonte de Arte nasceu do desejo de transformar a criatividade em um caminho acess\u00edvel para todos. Acreditamos<\/p>\n","protected":false},"author":1,"featured_media":0,"parent":0,"menu_order":0,"comment_status":"closed","ping_status":"closed","template":"","meta":{"_tutorstarter_page_metadata":{"sidebar_select":"no-sidebar","footer_select":"footer_one","page_title_toggle":false,"header_toggle":false,"header_trans_toggle":false,"footer_toggle":false},"footnotes":""},"class_list":["post-3182","page","type-page","status-publish","hentry"],"_links":{"self":[{"href":"https:\/\/fontedearte.com\/ead\/wp-json\/wp\/v2\/pages\/3182","targetHints":{"allow":["GET"]}}],"collection":[{"href":"https:\/\/fontedearte.com\/ead\/wp-json\/wp\/v2\/pages"}],"about":[{"href":"https:\/\/fontedearte.com\/ead\/wp-json\/wp\/v2\/types\/page"}],"author":[{"embeddable":true,"href":"https:\/\/fontedearte.com\/ead\/wp-json\/wp\/v2\/users\/1"}],"replies":[{"embeddable":true,"href":"https:\/\/fontedearte.com\/ead\/wp-json\/wp\/v2\/comments?post=3182"}],"version-history":[{"count":19,"href":"https:\/\/fontedearte.com\/ead\/wp-json\/wp\/v2\/pages\/3182\/revisions"}],"predecessor-version":[{"id":4284,"href":"https:\/\/fontedearte.com\/ead\/wp-json\/wp\/v2\/pages\/3182\/revisions\/4284"}],"wp:attachment":[{"href":"https:\/\/fontedearte.com\/ead\/wp-json\/wp\/v2\/media?parent=3182"}],"curies":[{"name":"wp","href":"https:\/\/api.w.org\/{rel}","templated":true}]}}